 digit of s?
2
Suppose 23*z - 48328 = z - 34*z. What is the units digit of z?
3
Suppose 2*v - 22 = 3*v + 5*m, 2*v - 2*m = 16. Let z(g) = 10*g**2 - v + 12 + g**3 + 17*g - 7*g. What is the tens digit of z(-8)?
5
Let q be (-558)/(-4) + 4 + (-45)/18. Let i = q - 134. Let b(c) = 2*c**3 - 8*c**2 - 4*c - 16. What is the units digit of b(i)?
0
Suppose 5*j = 5*d - 20, -2*j + 1 = 3*d - 6. Suppose 3*x = -d*y + 1140, -1870 = -5*y - 0*x + x. What is the hundreds digit of y?
3
Suppose -131*f = -635568 - 323352. What is the units digit of f?
0
Suppose 0 = 8*h - 22 + 6. Suppose y - 566 = -n - 3*y, -n + 572 = -h*y. Suppose 0 = 3*b - 9*b + n. What is the units digit of b?
5
What is the ten thousands digit of ((-52474)/(-4))/(143/(-4) + 36)?
5
Suppose -25 = 2*v + 14*i - 11*i, -4*v - i = 45. What is the tens digit of (1 - 46/3)/(v/66)?
8
Suppose 2*f - 4*g = 100, 0*f - 5*g - 101 = -2*f. Let o = 264 + f. What is the hundreds digit of o?
3
Let s(i) = -875*i + 740. What is the tens digit of s(-5)?
1
Suppose 0 = -a - 2*m - m - 57, 4*a + 2*m = -198. Let w = 61 + a. What is the hundreds digit of (-131 + 0)*(-14 + w)?
1
Suppose -25 = -5*z, 0*u = u - 4*z + 22. What is the units digit of u/(-1 + -5)*1059?
3
Suppose -w + 3*q + 8856 = 0, 3*w + 21*q - 26496 = 18*q. What is the hundreds digit of w?
8
Let y(d) = 1. Let r(i) = -11*i**2 - 3*i + 15. Let x(c) = -r(c) + 5*y(c). What is the units digit of x(2)?
0
Let k = 24532 - 16940. What is the thousands digit of k?
7
Let g = 18 - -52. Let x = g - -365. What is the tens digit of x?
3
Suppose 3*g = -4*q - 10, q - 7 = 4*g - 0*q. Let l be (1890/(-15) - 5) + -3. What is the tens digit of 0 + g + 4/(-8)*l?
6
Suppose 54*i - 314920 = 8918. What is the hundreds digit of i?
9
Let s = -143 + 17308. What is the ten thousands digit of s?
1
Let a = -137 - -158. Suppose -n = -4, 0 = -b - a*n + 22*n + 486. What is the hundreds digit of b?
4
Let i be (-1)/(-2*3/60*2). Suppose 0 = -i*u, -3*u + 0*u - 260 = 4*z. Let c = z + 90. What is the units digit of c?
5
Suppose -101*d + 307940 + 190079 - 89676 = 0. What is the units digit of d?
3
Suppose 40*s - 420700 = -38*s + 8*s. What is the units digit of s?
0
Let p = -7586 - -12785. What is the tens digit of p?
9
Let j(y) = -25*y - 66. Let d be (-1 - 106/6) + (-4)/12. Let z = d - -5. What is the hundreds digit of j(z)?
2
Let t = -60 - -72. Let q(b) = 2*b - 25. Let z be q(t). What is the units digit of 72 + -1 - 4/z?
5
Suppose -2*f - 2*f = -2*i + 566, 0 = -5*f. Suppose k - i = 3*v, 2*k = -8*v + 3*v - 479. Let d = v - -124. What is the units digit of d?
9
Let m(f) = -5*f**2 + 5*f + 6. Let c be m(-6). Let x = 1592 - 1887. Let l = c - x. What is the units digit of l?
1
Let r(a) = -a**2 - 13*a - 37. Let m be r(-5). Suppose 4*g - 1078 = h - m*h, -5*h + 5*g + 2710 = 0. What is the units digit of h?
1
Suppose g + 2058 = 4*y, -3*y + 3*g = -749 - 790. Let f = y + -280. What is the hundreds digit of f?
2
Let x be 4334/19 - (-16)/(-152). Let r = 272 - x. What is the tens digit of r?
4
Let q = 13009 - 7488. What is the thousands digit of q?
5
Let p(y) = -3*y + 11. Let i(n) = -n + 1. Let b(a) = 20*i(a) - 4*p(a). Suppose -90 - 126 = 12*z. What is the units digit of b(z)?
0
Suppose -57407 + 12731 = -18*h. Suppose -u + 2*u = -5*w + 822, -3*u + w = -h. What is the tens digit of u?
2
Suppose 0 = 1354*c - 1336*c - 530622. What is the units digit of c?
9
Suppose 0*j = 4*j - 20, -b = 2*j - 1304. What is the tens digit of b?
9
Let j(k) = 15*k**3 - 3*k**2 + 3. Let v be j(3). Suppose -v + 9 = -6*m. Suppose -5*y = -u - 863, -5*y + 2*u + 923 - m = 0. What is the hundreds digit of y?
1
Suppose -8*o + 55 = 39. Let w(d) be the third derivative of 25*d**4/12 - d**3/3 - d**2. What is the units digit of w(o)?
8
Let n(m) = 15 - m**2 - 12*m + 0*m - 11*m. Suppose 41*j - 24*j = -238. What is the hundreds digit of n(j)?
1
Let x = 112309 + -59497. What is the units digit of x?
2
Let l = 3820 + 4041. What is the hundreds digit of l?
8
Let x be 2/3 + ((-6320)/(-15))/4. Let j = 40 + x. What is the units digit of j?
6
What is the units digit of -12*(-1721)/14*14 + -9?
3
Let k(u) be the first derivative of u**2/2 + 51*u - 679. Let o(r) = r**2 - 4*r - 2. Let h be o(-3). What is the units digit of k(h)?
0
What is the hundreds digit of (-4)/14 - ((-5 - 0) + (-4558743)/441)?
3
Let p(q) = 5*q**2 + q - 3. Let k be p(-3). Suppose k*m = 43*m - 944. What is the units digit of m?
6
Let v(x) = x**3 + 9*x**2 + 3*x + 28. Let p be (8 + 12/(-2))*7/(-2). Let s be v(p). What is the tens digit of 14/(-4)*(-480)/s?
1
Suppose 2*p + 8 = 4*a, 0*a + 4*a + p - 8 = 0. Suppose 5*v = a*f + 45, 2*f - 8 = -3*v + 3. Suppose c + 642 = v*c. What is the hundreds digit of c?
1
Let w(g) = 162*g**2 + g - 9. Let d(k) = 162*k**2 - 8. Let u(m) = 5*d(m) - 4*w(m). Let b be u(-1). Let f = -36 + b. What is the hundreds digit of f?
1
Suppose -5*r = 3*x - 110555, 0 = -4*r + 10*x - 11*x + 88451. What is the hundreds digit of r?
1
Let d(k) = 2*k**2 + k + 2. Let g(q) = q**2 + 1. Let v(l) = -2*d(l) + 6*g(l). Let a be v(-3). Let u = -15 + a. What is the units digit of u?
1
Let v = 35 - 57. Let m be -2 - 1250/v - 36/(-198). Suppose 4*a - 4*g - 281 - m = 0, 5*a + 4*g - 384 = 0. What is the units digit of a?
0
Suppose 1 = f - 5*o - 18, 4*f - 4*o - 60 = 0. Suppose 919 = 86*r - 199. Suppose -f - r = -h. What is the units digit of h?
7
What is the units digit of (-12)/(-1) - (-10267712)/416?
4
Suppose -44*r - 208735 = -1198603. What is the tens digit of r?
9
Let j be 33/7 + (40/35)/4. Suppose 4*c - n = 884, 4*c - j*n = -0*n + 884. What is the hundreds digit of c?
2
What is the thousands digit of -19 + (-419360)/(-140) + (-3)/7?
2
Suppose -7332 = -b + f, 36676 = 5*b - 2*f + 5*f. Suppose 26*z - 1740 = b. What is the hundreds digit of z?
3
Suppose -16 - 14 = -6*f. Suppose f*m = 506 - 181. Let y = -34 + m. What is the tens digit of y?
3
Suppose 0 = -5*s + 3*j + 1316 - 63, 0 = -4*j - 4. Let w = 736 + s. What is the hundreds digit of w?
9
Suppose -25*q = -343466 - 1185484. What is the tens digit of q?
5
Suppose s - 12 = -s + k, -s = -3*k - 11. Let f(z) = 81*z + 6. Let n be f(s). Let g = -177 + n. What is the hundreds digit of g?
2
Let d(n) = n**2 - 38*n + 20. Let f be d(-11). Let j = f + -316. What is the hundreds digit of j?
2
Let k = -282 + 196. Let n = k + 88. Suppose 2*y - n*i = 148, -2*y - 3*i + 148 = 2*i. What is the tens digit of y?
7
Let u(j) = -j**3 - 14*j**2 + 32*j + 6. Let z be u(-16). Suppose -4*q = -4*d - 932, -z*q + 7*q - 4*d = 233. Let w = -138 + q. What is the tens digit of w?
9
What is the tens digit of 16/14 - ((-56571)/21 + 3)?
9
Suppose -2063 + 749 = -6*y. Let q = 464 - y. What is the tens digit of q?
4
Let o(s) = -22*s**3 + 2*s**2 + 4*s. Let z = -473 - -470. What is the hundreds digit of o(z)?
6
Let f be (-3399)/(-2)*23/((-69)/(-40)). Suppose -19*w = 36*w - f. What is the tens digit of w?
1
Suppose 64*t - 65*t + 331 = 0. Let c(m) = m + 23. Let o be c(-18). Suppose -t = -o*l + 69. What is the tens digit of l?
8
Suppose -309*z = 3*r - 310*z - 23398, -2*r + 5*z + 15603 = 0. What is the units digit of r?
9
Suppose s = 2*v - 4841, -2*s = -25*v + 28*v - 7244. What is the units digit of v?
8
Let m be 114/(-627) - (0 - (-18152)/(-11)). What is the units digit of (-16)/(-12) + m/18?
3
Let g(l) = 8*l**2 + 39*l - 10. Let q(r) = r**2 + r. Let w(m) = g(m) + 3*q(m). What is the hundreds digit of w(-11)?
8
Let z be (12*-2)/6*(-3)/(-2). Let c(l) = -l - 4. Let b be c(z). What is the tens digit of 132 - 12 - 0/b?
2
Let d(y) = -28*y**2 + 1. Let l be d(1). Let w = l + 44. Let r = 9 + w. What is the units digit of r?
6
Suppose -171 = -0*n + n. Let x be 14240/(-128) - (-3)/12. Let a = x - n. What is the tens digit of a?
6
Let a = -42358 - -62093. What is the thousands digit of a?
9
Let n(l) = 2*l + 21*l**2 - 22*l**2 + 6 + 0*l + 29*l**2 + 3*l. Let p(j) = -3*j**2 - j. Let q be p(-1). What is the hundreds digit of n(q)?
1
Let p = -359 - -407. What is the hundreds digit of 4/32 - (-52122)/p?
0
Suppose -35*f - 9 = -38*f. Suppose -4*m - f*r = -542, -2*r - 398 = -3*m - 0*r. What is the hundreds digit of m?
1
Suppose -r + 9645 = n - 2841, -3*n + 5*r = -37498. What is the hundreds digit of n?
4
Suppose 3*o - 513 = 5*x, -4*o = 4*x + 291 + 113. Let i = x + 118. What is the tens digit of i?
1
Suppose -6*f + f + 24450